{"id":64064,"date":"2026-08-11T02:08:41","date_gmt":"2026-08-11T01:08:41","guid":{"rendered":"https:\/\/vrpartners.pt\/properties\/t1-duplex-com-155-m%c2%b2-e-dois-jardins-no-beato-879911\/"},"modified":"2026-08-11T02:08:41","modified_gmt":"2026-08-11T01:08:41","slug":"t1-duplex-com-155-m%c2%b2-e-dois-jardins-no-beato-879911","status":"publish","type":"psfc_property","link":"https:\/\/vrpartners.pt\/pt-pt\/properties\/t1-duplex-com-155-m%c2%b2-e-dois-jardins-no-beato-879911\/","title":{"rendered":"T1 Duplex com 155 m\u00b2 e Dois Jardins no Beato"},"content":{"rendered":"<p>Descubra este exclusivo T1 Duplex no BeAt Lisbon, uma resid\u00eancia com 155 m\u00b2 de \u00e1rea total, incluindo 116 m\u00b2 de \u00e1rea bruta privativa e 39 m\u00b2 de \u00e1rea exterior.<\/p>\n<p>Distribu\u00eddo por dois n\u00edveis, o apartamento apresenta no piso superior uma ampla \u00e1rea de sala de estar e cozinha com 35 m\u00b2, closet, casa de banho e acesso a um jardim privativo de 31 m\u00b2.<\/p>\n<p>No piso inferior encontra-se uma segunda \u00e1rea de estar com 33 m\u00b2, uma casa de banho de 6 m\u00b2 e acesso a um segundo jardim privativo de 11 m\u00b2.<\/p>\n<p>A configura\u00e7\u00e3o desta resid\u00eancia proporciona uma experi\u00eancia pouco convencional, com amplas \u00e1reas interiores e uma extraordin\u00e1ria rela\u00e7\u00e3o com os espa\u00e7os exteriores, permitindo diferentes possibilidades de utiliza\u00e7\u00e3o e organiza\u00e7\u00e3o.<\/p>\n<p>Inserido no exclusivo BeAt Lisbon, composto por apenas 7 resid\u00eancias, o apartamento combina o car\u00e1cter de um edif\u00edcio hist\u00f3rico reabilitado com uma abordagem contempor\u00e2nea, numa das zonas de Lisboa com maior transforma\u00e7\u00e3o.<\/p>\n<p>A apenas cerca de 100 metros do HUB Criativo do Beato, beneficia de uma localiza\u00e7\u00e3o estrat\u00e9gica para habita\u00e7\u00e3o ou investimento.<\/p>\n<p>A frac\u00e7\u00e3o disp\u00f5e ainda de licen\u00e7a de Alojamento Local (AL) transfer\u00edvel e \u00e9 eleg\u00edvel para financiamento atrav\u00e9s de cr\u00e9dito hipotec\u00e1rio.<\/p>\n<p>Uma resid\u00eancia verdadeiramente diferenciada, com 155 m\u00b2 e 39 m\u00b2 de espa\u00e7os exteriores privados, numa localiza\u00e7\u00e3o cada vez mais valorizada em Lisboa.<\/p>\n<p>Contacte-nos para obter mais informa\u00e7\u00f5es, consultar plantas e condi\u00e7\u00f5es ou agendar uma visita.<\/p>\n","protected":false},"template":"","meta":{"_acf_changed":false,"_seopress_titles_title":"","_seopress_titles_desc":"","_seopress_robots_index":"","_seopress_robots_follow":"","_seopress_robots_imageindex":"","_seopress_robots_snippet":"","_seopress_robots_primary_cat":"","_seopress_robots_breadcrumbs":"","_seopress_robots_freeze_modified_date":"","_seopress_robots_custom_modified_date":"","_seopress_robots_canonical":"","_seopress_social_fb_title":"","_seopress_social_fb_desc":"","_seopress_social_fb_img":"","_seopress_social_fb_img_attachment_id":0,"_seopress_social_fb_img_width":0,"_seopress_social_fb_img_height":0,"_seopress_social_twitter_title":"","_seopress_social_twitter_desc":"","_seopress_social_twitter_img":"","_seopress_social_twitter_img_attachment_id":0,"_seopress_social_twitter_img_width":0,"_seopress_social_twitter_img_height":0,"_seopress_redirections_value":"","_seopress_redirections_enabled":"","_seopress_redirections_enabled_regex":"","_seopress_redirections_logged_status":"","_seopress_redirections_param":"","_seopress_redirections_type":0,"_seopress_analysis_target_kw":"","_seopress_news_disabled":"","_seopress_video_disabled":"","_seopress_video":[],"_seopress_pro_schemas_manual":[],"_seopress_pro_rich_snippets_disable_all":"","_seopress_pro_rich_snippets_disable":[],"_seopress_pro_schemas":[]},"psfc_property_type":[360],"psfc_location":[327],"psfc_operation_type":[354],"psfc_label":[],"class_list":["post-64064","psfc_property","type-psfc_property","status-publish","has-post-thumbnail","hentry","psfc_property_type-apartamento-duplex-pt-pt","psfc_location-lisboa","psfc_operation_type-venda-pt-pt"],"acf":[],"_links":{"self":[{"href":"https:\/\/vrpartners.pt\/pt-pt\/wp-json\/wp\/v2\/psfc_property\/64064","targetHints":{"allow":["GET"]}}],"collection":[{"href":"https:\/\/vrpartners.pt\/pt-pt\/wp-json\/wp\/v2\/psfc_property"}],"about":[{"href":"https:\/\/vrpartners.pt\/pt-pt\/wp-json\/wp\/v2\/types\/psfc_property"}],"wp:attachment":[{"href":"https:\/\/vrpartners.pt\/pt-pt\/wp-json\/wp\/v2\/media?parent=64064"}],"wp:term":[{"taxonomy":"psfc_property_type","embeddable":true,"href":"https:\/\/vrpartners.pt\/pt-pt\/wp-json\/wp\/v2\/psfc_property_type?post=64064"},{"taxonomy":"psfc_location","embeddable":true,"href":"https:\/\/vrpartners.pt\/pt-pt\/wp-json\/wp\/v2\/psfc_location?post=64064"},{"taxonomy":"psfc_operation_type","embeddable":true,"href":"https:\/\/vrpartners.pt\/pt-pt\/wp-json\/wp\/v2\/psfc_operation_type?post=64064"},{"taxonomy":"psfc_label","embeddable":true,"href":"https:\/\/vrpartners.pt\/pt-pt\/wp-json\/wp\/v2\/psfc_label?post=64064"}],"curies":[{"name":"wp","href":"https:\/\/api.w.org\/{rel}","templated":true}]}}

<p>Descubra este exclusivo T1 Duplex no BeAt Lisbon, uma residência com 155 m² de área total, incluindo 116 m² de área bruta privativa e 39 m² de área exterior.</p>
<p>Distribuído por dois níveis, o apartamento apresenta no piso superior uma ampla área de sala de estar e cozinha com 35 m², closet, casa de banho e acesso a um jardim privativo de 31 m².</p>
<p>No piso inferior encontra-se uma segunda área de estar com 33 m², uma casa de banho de 6 m² e acesso a um segundo jardim privativo de 11 m².</p>
<p>A configuração desta residência proporciona uma experiência pouco convencional, com amplas áreas interiores e uma extraordinária relação com os espaços exteriores, permitindo diferentes possibilidades de utilização e organização.</p>
<p>Inserido no exclusivo BeAt Lisbon, composto por apenas 7 residências, o apartamento combina o carácter de um edifício histórico reabilitado com uma abordagem contemporânea, numa das zonas de Lisboa com maior transformação.</p>
<p>A apenas cerca de 100 metros do HUB Criativo do Beato, beneficia de uma localização estratégica para habitação ou investimento.</p>
<p>A fracção dispõe ainda de licença de Alojamento Local (AL) transferível e é elegível para financiamento através de crédito hipotecário.</p>
<p>Uma residência verdadeiramente diferenciada, com 155 m² e 39 m² de espaços exteriores privados, numa localização cada vez mais valorizada em Lisboa.</p>
<p>Contacte-nos para obter mais informações, consultar plantas e condições ou agendar uma visita.</p>
